12). Let l = 60 + k. Let t(v) = -3*v + 1. Give t(l).
10
Let a(f) = -f**3 - 18*f**2 + 20*f + 30. Let k(j) = -55*j - 74. Let y be k(-1). Give a(y).
11
Let u(q) = -8*q**2 + q**3 + 5*q + 5*q - 14587 + 14571. Determine u(7).
5
Suppose b = m - 8, 0 = -0*b - b - 5. Let o(z) = z + 6*z - 16*z**3 + 23*z**m + 6*z**2 - 8*z**3 - 8. Determine o(7).
-8
Let x(p) = -p**2 - p - 3. Let q(v) = v**2 + 3. Let b(g) = -6*q(g) - 7*x(g). Give b(-5).
-7
Let g(w) = 1. Let z(x) = -x**3 - 3*x**2 - 3*x - 5. Let k(h) = -4*g(h) - z(h). Suppose -2*u = r + 4, 2*u - 19*r + 4 = -15*r. Calculate k(u).
-1
Let u(b) = 5*b**2 - b + 4. Let f(p) = p**2 + 1. Let m(r) = 4*f(r) - u(r). Let g be m(0). Let j(w) = -w**2 + w - 5. Determine j(g).
-5
Let b(p) = 3*p**2 - p. Let w(l) = -3*l**2 + 5*l. Let i be w(3). Let n be (1*3/i)/(3/(-12)). What is b(n)?
2
Let x(k) = -2*k**2 - 8*k - 38. Let y(m) = 3*m**2 + 12*m + 57. Let v(q) = 7*x(q) + 5*y(q). Let d(o) be the first derivative of v(o). Give d(-5).
-6
Let y(u) = 13*u**2 - 12*u**2 + u**3 - 2*u**3 + 20 + u. Suppose 0 = s + 16*a - 12*a - 16, -a = s - 4. What is y(s)?
20
Let d(b) = -10*b - 38. Let j be d(-4). Let w(k) = -2*k. Determine w(j).
-4
Suppose 2*h + 3 = 5*h. Let v = h + -4. Let c(m) be the third derivative of -m**4/8 + m**2. Determine c(v).
9
Let v(n) be the first derivative of n**4/4 + 8*n**3/3 + 4*n**2 + 2*n + 2. Suppose 21*s = -17*s - 266. Calculate v(s).
-5
Let r(n) be the second derivative of 7*n**3/6 - n**2/2 + 39*n. Determine r(1).
6
Suppose 0 = 327*d - 324*d + 18. Let m(z) = -2*z**2 - 9*z - 9. Determine m(d).
-27
Let k(m) = -m + 9. Suppose 0 = -12*x + 105 + 27. Determine k(x).
-2
Suppose 7 = -2*h + 31. Let s be (-6)/(48/20)*h/10. Let t(w) = -2*w - 1. Determine t(s).
5
Let z = -3 + 2. Let j be (z - (2 - 1)) + 2. Let u(v) be the first derivative of v**4/4 - v**2/2 + 3*v - 40. Calculate u(j).
3
Let a(s) be the first derivative of -2*s**2 + 2*s + 1. Suppose -8 + 132 = 2*u. Let n = u - 60. Determine a(n).
-6
Let j(l) = 3*l**2 - 5 + 7*l**3 - 2*l**2 + 4 - l. Suppose 3*z - 3*y = 0, 4*z - 14 = -4*y + y. Suppose 2*s = -3*s - z*h + 5, 3*s - 22 = -5*h. Determine j(s).
-6
Suppose 521*a = 508*a - 13. Let f(v) = -v**2 - 2*v - 4. Determine f(a).
-3
Suppose -2*r + 9 = 1. Suppose -r*j + 16 = -8. Let w(k) = -k**3 + 7*k**2 - 7*k + 3. What is w(j)?
-3
Let g(r) = r - 9. Let k(t) = -t**2 - t + 6. Let x be k(2). Calculate g(x).
-9
Let g(i) = -i + 6. Suppose 0 = -5*j + 3*o + 32, -5 - 19 = -j + 5*o. What is g(j)?
2
Let f be 0*((-176)/24 + 7). Let u(s) be the second derivative of 1/12*s**4 + f - s**2 - 10*s + s**3. Give u(-5).
-7
Suppose x + 2 = 5. Suppose -4*y + 2*u + 30 = 0, 0*u + 3*u = -y - x. Let g(j) = j**3 - 7*j**2 + 6*j - 1. Determine g(y).
-1
Let q(m) = 3*m**2 + 5*m + 5. Let n(o) = 2*o**2 + 5*o + 4. Let p be (12/(-10))/((-3)/10). Let v(t) = p*n(t) - 3*q(t). Give v(4).
5
Suppose -49 = -8*q + 15*q. Let o(r) = -5*r - 7*r**2 - r - 5*r + 6*r**2 - 7. Give o(q).
21
Suppose -14*c - 9 + 23 = 0. Let f(v) = -28*v**3 + v - 1. What is f(c)?
-28
Let m = -25 - -21. Let y(l) be the second derivative of -1/6*l**4 - 5/6*l**3 + 0 - 3/2*l**2 - 3*l. Determine y(m).
-15
Let t(o) be the first derivative of -o**4/4 + 2*o**3/3 + 4*o**2 - 6*o - 101. What is t(5)?
-41
Let x(j) = -j**2 - 7*j + 2. Let k be 7*(6 + -3 + -4). Let s = k + 9. Suppose 0 = -4*q + s*a - 26, 5*q = 2*q + 3*a - 21. What is x(q)?
8
Let b(s) = 31*s + 10. Let p be b(-2). Let v = p - -48. Let y(g) = g**3 + 4*g**2 + g - 4. Give y(v).
-8
Suppose -c + 4*r = -8, 0*c - 4*c + 19 = -3*r. Suppose -10 = -3*d - c. Let u(h) = 2 + h**2 - 6*h + 4*h - d*h**2 + 0*h**2. What is u(2)?
-6
Let p(q) = q**3 + 6*q**2 + 7*q + 7. Suppose 27*a + 51 = -57. Determine p(a).
11
Let n(f) be the third derivative of 0*f**3 + 5/24*f**4 + 1/20*f**5 + 0*f - 3*f**2 - 1/120*f**6 + 0. Let d(l) = l**2 - 11*l - 8. Let w be d(12). Determine n(w).
4
Suppose 18*d - 385 = -439. Let g(c) = 7*c + 16. Calculate g(d).
-5
Let x(f) = 89*f**2 - 5*f - 88*f**2 - 3 + 0. Suppose -2*i + 6 = 2. Suppose 2*p = -2*g + 10, 2 = -i*p - g + 13. Determine x(p).
3
Suppose -6*t = -2*t. Let j(w) = 8*w + 27. Let l(h) = 3*h + 9. Let u(a) = 4*j(a) - 11*l(a). Give u(t).
9
Suppose 0 = r - 7*l + 2*l + 18, -5*r - 2*l + 18 = 0. Suppose -r*f + 5*b = -f - 21, -4*f + 27 = -b. Let n(q) = q**2 - 5*q + 1. Give n(f).
7
Let r(p) = -248 + 15*p + p**3 - 250 + 519 - 11*p**2. What is r(9)?
-6
Suppose 5*o - 25 = 0, 2*v + 41*o - 46*o = -19. Let a(x) = 2*x**3 - 2*x**2 - 3. Determine a(v).
33
Let x(y) = -43 + 28 - 11*y + 16. Calculate x(5).
-54
Let j(x) = x - 11. Suppose 5*k - 3*v = -62, 0 = -5*k - 9*v + 7*v - 42. What is j(k)?
-21
Suppose -v = 2*y + 3, 5*v + 8 + 7 = y. Let m = -3 - y. Let l(p) = -22*p**2 - 13*p**2 - 14*p + 9*p + 47*p**2 - 13*p**2 - 4. What is l(m)?
2
Let h(v) be the third derivative of -5*v**4/24 - v**3/6 - v**2. Suppose -41*t + 40*t + 5 = 0. Suppose t*n - 2*w = -7*w - 5, -w = 4*n + 7. Calculate h(n).
9
Let u(d) = d**3 - 18*d**2 - 17*d - 3. Suppose -2889 = 9*y - 3060. Determine u(y).
35
Let c(x) = -x - 8. Let k = -18 - -30. Let u be (-2)/k + 95/30. Let t = u + -3. Calculate c(t).
-8
Let g(p) = p + 6. Let i(f) = 19 + 23 + 24 - 67. Let h(t) = -g(t) - i(t). Give h(-4).
-1
Let i(w) be the first derivative of -w**4/3 + w**3/6 - w**2/2 + 22*w + 9. Let t(f) be the first derivative of i(f). Calculate t(1).
-4
Let z(h) = 171*h + 16. Let u(f) = -74*f - 7. Let t(w) = 7*u(w) + 3*z(w). Let i be -2*(-3)/(-12)*-6. Calculate t(i).
-16
Let x(h) = -2*h**2 - 6*h - 3*h**2 + 6*h**2 - 1. Let y be 3/(231/240 + -1). Let m be ((-6)/(-4))/((-24)/y). Give x(m).
-6
Let h = 8 + -6. Let q(w) = 3*w + h*w**2 + 4 - w + 2*w - 3*w**2. Calculate q(5).
-1
Let q(w) = -7*w - 1. Let f be q(-1). Let g be 15/6 - 3/f. Let z(m) = g + 2*m**2 - m**2 + 2*m**3 + 0 + 0. Give z(-2).
-10
Suppose -c - 65 = 4*c. Let b(q) = q**3 - 16*q**2 - 13*q - 6. Let i(d) = 4*d**3 - 49*d**2 - 39*d - 19. Let y(t) = 7*b(t) - 2*i(t). Calculate y(c).
-4
Let j = 859 + -881. Let a(b) = b**3 + 21*b**2 - 21*b + 10. What is a(j)?
-12
Let j(p) = -2*p - 5. Let z be j(-5). Suppose n = 2*n - z. Let w(y) = -y**3 + 5*y**2 + 2. Let u be w(n). Let q(x) = x**2 - 4*x + 1. What is q(u)?
-3
Let j(t) = t**2 - 1. Let v(o) = 3*o**2 - o - 2. Let l(c) = 11*j(c) - 4*v(c). Give l(2).
1
Let x(n) = -n**3 - 8*n**2 - 8*n + 3. Let b(h) = 2*h**2 + 34*h + 138. Let g be b(-9). Determine x(g).
-21
Let n(x) = 6*x**3 - 2*x + 1. Let w = 11 + 6. Let t = -5 + w. Suppose -10*a = -t*a + 2. Calculate n(a).
5
Let f = 1 + -1. Let o = f + 1. Let m(t) = 7*t**3 - 6*t**2 + 1. Let d(y) = 25*y**3 - 23*y**2 + 4. Let u(q) = 6*d(q) - 23*m(q). Determine u(o).
-10
Let w(q) = 12*q + 10. Let h(k) = 10*k + 9. Let u(r) = -5*h(r) + 4*w(r). Give u(-5).
5
Let i(c) = -1 + 4 - c + 0*c. Give i(0).
3
Let l(i) = 3*i - 3*i + 10 - 2*i + 3*i. Determine l(0).
10
Let r(l) = l**3 + 5*l**2 + 2*l + 4. Let j be r(-5). Let c(b) = -b**3 - b**2 - 5*b - 4. Let p(o) = -o**3 - 5*o - 5. Let d(f) = 7*c(f) - 6*p(f). Give d(j).
-4
Let b(u) = -4*u + 6 + 2*u**2 + 8 - 12*u**2 - 64*u**3 + 65*u**3. Calculate b(10).
-26
Suppose 10*l - 14*l = -112. Suppose -3*c = -c - 6. Suppose c*k = -k + l. Let r(w) = w**3 - 7*w**2 + 2*w - 7. Give r(k).
7
Let j(m) = m**3 - 3*m**2 + 3*m - 3. Let y(k) = 12*k + 2. Let l be y(1). Suppose l = v + 3. Suppose -4*f + t + v = -2, 2*t + 8 = 2*f. Determine j(f).
6
Let t be ((-130)/40)/((-2)/(-8)). Let i(l) = 5*l**2 + 9*l + 5. Let w(z) = -11*z**2 - 19*z - 11. Let u(c) = t*i(c) - 6*w(c). Let k = 1 + 3. What is u(k)?
5
Let v be 10*(-1)/((-5)/14). Suppose -2*k = -6*k + 5*t + v, 0 = 3*t + 12. Let g(l) = -6*l**3 + 5*l**k - l**2 + 0*l**2 + 5*l**3 + 2*l + 5. Give g(4).
13
Let a be -2 + (-12)/(-2) - (-9 + 15). Let d(i) = -3*i - 5*i**2 + 4*i**2 - 1 - 2. Give d(a).
-1
Let i(p) = 2*p**2 - 4*p + 2. Suppose -2*d = -4*g + 2*d + 28, 0 = 5*g + d - 17. Let x be i(g). Let m = x - 14. Let n(l) = -l**3 + 3*l**2 + 5*l - 1. What is n(m)?
3
Let u(o) = 5*o**2 - 16*o - 3. Let w(q) = -11*q**2 + 36*q + 6. Let y(t) = 9*u(t) + 4*w(t). Suppose -3*j + 10 - 1 = 0. Give y(j).
6
Let w(r) = r - 9. Let y be w(9). Let c(b) be the second derivative of b**4/12 + 3*b**2 - 12*b. Give c(y).
6
Let k(p) be the third derivative of -1/2*p**3 - 1/24*p**4 + 0 - p**2 + 0*p. Let j be (-192)/33 + (-14)/77 + 5 + 1. Give k(j).
-3
Let w be 2 + -4 - (-2 - 3). Let h(r) =